. Suppose 5*i = k*q + 40, 3*i - 8*i + 2*q = -25. What is the units digit of i?
3
Suppose -5*s = -0*m + m - 349, -4*s - m + 280 = 0. What is the units digit of s?
9
Let n = 1 + -1. Let v(d) be the third derivative of d**4/24 + 7*d**3/6 - d**2. What is the units digit of v(n)?
7
Let h(s) = -s**3 - s**2 + 196. What is the units digit of h(0)?
6
Suppose 3*a - 74 = 5*s, -4*a + 111 = a + 4*s. What is the tens digit of a?
2
Let x = -16 + 6. Let s = 13 + x. Suppose -s*o + 5*g + 34 = 0, -2*g = 2*g + 8. What is the units digit of o?
8
Suppose 5*c = -2 - 3. Let k = c - 0. Let y = k + 2. What is the units digit of y?
1
Suppose -15 = -5*n + 15. Let l(w) = 6*w**3 - 11*w**2 + 5*w + 3. Let i(u) = -u**3 + u**2 - u - 1. Let p(v) = -5*i(v) - l(v). What is the units digit of p(n)?
2
Let r(b) = b**2 - 3*b + 7. Suppose -3*g = -6*g + 18. What is the tens digit of r(g)?
2
Let t(n) be the first derivative of -n**4/4 + n**3/3 + 5*n - 1. Let d be t(0). Let q = 8 - d. What is the units digit of q?
3
What is the units digit of (-2 + 3)/((-5)/2)*-305?
2
Let a be -14*(3/2 + -2). Let z = -2 - a. What is the units digit of (-4)/(-6)*z/(-6)?
1
What is the tens digit of (-3570)/14*4/(-10)?
0
Let l = 50 + -24. What is the tens digit of l?
2
Let u = 3 + 0. Suppose 2*i + 1 - 13 = -5*f, -4 = u*f + 4*i. What is the units digit of f?
4
Suppose -3*b + 23 = 5*m - b, 5*m + 4*b = 21. Suppose m*s + 34 = 2*h, 9 + 10 = h - 2*s. What is the units digit of h?
7
Let d(f) = 6*f**2 + f - 4. What is the units digit of d(-3)?
7
Let d(n) = -n + 4. Let m be d(-3). Let c = m - 3. What is the units digit of c?
4
Suppose 2*q + 5*y - 2*y = 535, -1097 = -4*q + 3*y. What is the hundreds digit of q?
2
Suppose -3*n + 7*c + 12 = 3*c, -2*n = -3*c - 9. Suppose n*u = -3*u + 9. Suppose 4*o - 4 = -5*q, 0 = -u*q - 5*o - 0 - 8. What is the units digit of q?
4
Let j(v) = v + 6. Let m(l) = -1. Let p(q) = j(q) - 2*m(q). Suppose -4*k + g + 2 = 0, 3*g + g = -4*k - 8. What is the units digit of p(k)?
8
Let i(y) = y**2 - 4*y - 4. Let m be i(5). What is the units digit of (-2)/(-4)*(m + 1)?
1
Let r(p) = -p**2 - 11*p + 16. Let m be r(-12). Let a = 1 + m. Suppose 20 = a*d + 5*h, -2*d = -2*h + 3*h - 10. What is the units digit of d?
6
What is the units digit of (-4)/(-8*1)*62?
1
Let y = -1 + 2. What is the tens digit of (-11)/((2/(-2))/y)?
1
Suppose 3*z - 2*z - 10 = 4*f, 2*f = -3*z + 100. What is the units digit of z?
0
Let j(k) be the third derivative of 2*k**2 - 1/60*k**5 + 1/3*k**4 + 0 + 5/6*k**3 + 0*k. What is the units digit of j(8)?
5
Suppose -3*u + 10 = 1. Suppose -4*n + u*n + 3 = 0. Suppose n + 9 = i. What is the tens digit of i?
1
Let r = -12 - -17. What is the units digit of r?
5
Suppose -5*f + 27 = -3. What is the tens digit of 22/3*9/f?
1
Let o be 5*((-12)/(-15))/2. Let d be (-7)/o + (-1)/(-2). Let f = 4 - d. What is the units digit of f?
7
Let k(a) = -a**3 + 5*a**2 - a + 7. Let f be k(5). Suppose -2*u = -u - n, -5*n = -f*u + 6. What is the tens digit of 15 + u + 1 + -2?
1
Let x = 12 - 4. Suppose -3*y - 1 + 7 = f, 0 = -4*y + x. Suppose 0 = 4*q + 2*t + 5 - 3, f = 5*q + 3*t + 5. What is the units digit of q?
2
Let z be ((-3)/(-3))/((-2)/(-6)). Let n(y) = -y**2 + 3*y. Let x be n(z). Let g = 3 - x. What is the units digit of g?
3
Let r be (-12)/8*44/(-3). Suppose -3*t - r = -82. What is the units digit of t?
0
Let i(v) = 3*v + 4*v - 4*v. Let r be i(-1). Let k = r + 9. What is the units digit of k?
6
Let d be 8/6*3/(-2). What is the units digit of (-4)/(-2) + (d - -5)?
5
Suppose -5*z + 0*z - 44 = -3*w, 0 = -3*w - 2*z + 37. What is the tens digit of w?
1
Suppose -3*y + 5 = -7. Suppose y*l + 4 = 2*x + x, 5*x - l - 35 = 0. Let b(i) = -i**3 + 9*i**2 - 6*i - 10. What is the units digit of b(x)?
6
Let z(s) = 18*s + 1. Let h be z(1). Suppose c + 9 = 2*c - 2*j, 5*j = -c - h. What is the units digit of c?
1
Let b(c) = c**2 + c - 1. Let v be b(-2). What is the units digit of (v + -4)*(-24)/9?
8
Suppose -3*z = 2*q - 0*q - 11, z + 8 = q. Suppose -q*n + 5*n - 2 = 2*s, 4*n + 5 = -5*s. Let o = s - -3. What is the units digit of o?
2
Let v(r) = -r**3 - r**2 + r. Let x be 3/6 + (-1)/(-2). Let l(j) = -6*j**3 - 4*j**2 + 7*j + 1. Let q(z) = x*l(z) - 5*v(z). What is the units digit of q(2)?
1
Let u = 8 - -26. What is the tens digit of u?
3
Let c(u) = -2*u**3 + 2*u**2 - 1. Let v be c(-1). Suppose v*l + 5*y = 6*l - 14, 2*l - 10 = 3*y. What is the units digit of l?
8
Let s(l) = l. Let t(i) = i**3 + 4*i**2 + i + 5. Let m(b) = 5*s(b) - t(b). Let o be m(-5). Suppose o*v = 5*v - 30. What is the units digit of v?
6
Suppose 0 = 5*x - 15 - 0. Let d be 8/x*6/4. What is the units digit of 10/(-3)*(-6)/d?
5
Let m = -3 + -38. Let d = m - -26. Let p = -3 - d. What is the units digit of p?
2
Let y(p) = -4*p + 1. Suppose r + 2*r - 4*k + 42 = 0, -5*r = -5*k + 65. Let t be (-1)/(-4) - r/(-8). What is the units digit of y(t)?
5
Suppose -3*r = 4*x - 6*r - 135, 3*x + 3*r - 117 = 0. What is the tens digit of x?
3
Let o = -25 + 36. Suppose -47 - o = -2*v. What is the units digit of v?
9
Let c(n) = 15*n**2 + 5*n - 2. What is the hundreds digit of c(3)?
1
What is the units digit of 189*(10/(-6) + 2)?
3
Suppose -5*b + 0*b = -55. What is the units digit of b?
1
Suppose -6*k + 123 + 111 = 0. What is the units digit of k?
9
Suppose -2*o + 2 = -2. Suppose 21 = o*w + 5. What is the units digit of w?
8
Suppose b - 8 = 5*b. Let w(c) = -2*c - 3. What is the units digit of w(b)?
1
Let o(m) = m**2 - m + 8. Let f be o(4). Suppose -3*q + 20 = q. What is the tens digit of q/(f/6 + -3)?
1
Let f be 1 + (-2)/(6/(-87)). What is the tens digit of (f/3)/(4/14)?
3
Let z(a) = a**2 - 7*a - 8. Let b be z(8). Suppose b = -y - 5 + 28. Suppose 3*k + v - 5 = y, k + 4*v + 9 = 0. What is the units digit of k?
1
Let x = 12 - 10. Suppose 3*y + 8 = p, y - x = -3. What is the units digit of p?
5
Suppose -1278 = -5*u - 228. What is the tens digit of u?
1
Let r = -3 - 3. What is the tens digit of 2*((-357)/r)/7?
1
Let o = -19 + 16. What is the tens digit of (4/o - -1)*-117?
3
Let w = 15 - 41. Let i = w - -36. What is the units digit of i?
0
Suppose -6*y = -4*y - 52. Let c = y - 0. What is the tens digit of c?
2
Suppose 0 = 6*q - q - 5. Suppose -v + q = 2*t - 6, -3*v + 21 = -t. What is the units digit of v?
7
Let a be (2/(-6))/((-2)/12). Suppose b - 19 = -a*i, 0*i + 2*b = 4*i - 58. What is the units digit of i?
2
Let v(w) = w + 7. Let x be v(-5). Suppose 8 = 7*c - 5*c. Suppose x*p - 14 = 2*o, -c*p - 4*o + 8 = -3*o. What is the units digit of p?
3
Suppose 7 = 2*k - k + z, 0 = -5*k + 2*z + 28. What is the tens digit of ((-44)/(-12))/(2/k)?
1
Let h be -3 - ((-36)/(-4))/1. What is the units digit of 1 - (h/4 - 2)?
6
Suppose 41 = j - 4*y, 5*j + 4*y + 19 = 176. What is the tens digit of j?
3
Let d(m) = -13*m - 4. Let i(t) = -t + 2. Let q be i(-2). Let a be d(q). Let p = -40 - a. What is the tens digit of p?
1
Suppose 24 = 2*a - 0*a. What is the tens digit of a?
1
Suppose 4*r - 98 = 5*t, 4*t - 7 = 1. What is the units digit of r?
7
Suppose -3*f + 9 + 9 = 0. Suppose -n = -f*n + 120. What is the tens digit of n?
2
Let d be 2*(-2)/4 + 4. Let f(b) = -5*b**2 - 9*b + 8. Let l(t) = -9*t**2 - 17*t + 15. Let o(p) = -11*f(p) + 6*l(p). What is the units digit of o(d)?
2
Let l(b) = -2*b**3 + 27 + 0*b**3 - 28. What is the tens digit of l(-2)?
1
Let f(n) be the second derivative of n**4/6 - n**3/3 - n**2/2 + 3*n. What is the units digit of f(-1)?
3
Let g be (4/6)/(1/60). Let o(h) = h**3 + 2*h**2 - h + 2. Let p be o(-2). Suppose p*s - g = -s. What is the units digit of s?
8
Suppose -u - 12 = u. Let w = -14 - u. Let x = w - -11. What is the units digit of x?
3
Let l = -283 + 536. What is the units digit of l?
3
Suppose -r + 10 = -28. What is the tens digit of r?
3
Let c(a) = -a**2 + 55. What is the tens digit of c(0)?
5
Let z(s) = -s**3 - 9*s**2 + 4. Let h be z(-9). Suppose -20 = h*b, k + b = -3 + 7. What is the units digit of k?
9
What is the units digit of (-47)/(-1) + -3 + (-3 - -6)?
7
Let f = 9 + -1. Suppose 0 = 2*w - 3*s - 96, -5*w + f*w = -s + 122. What is the units digit of w?
2
Suppose 2*b - 33 = 41. What is the tens digit of b?
3
Let w(a) = a**3 + 8*a**2 + 6*a - 1. Suppose 5*r - 4*r = -5, -5*r = -4*f + 25. Let b be (f + 2 - 1) + -8. What is the units digit of w(b)?
6
Suppose -i - 165 = -6*i. What is the tens d